{"id":838,"date":"2023-01-23T15:44:57","date_gmt":"2023-01-23T14:44:57","guid":{"rendered":"http:\/\/segitunkhalehet.node8.macroweb.hu\/?post_type=product&#038;p=838"},"modified":"2023-01-23T15:44:57","modified_gmt":"2023-01-23T14:44:57","slug":"tao-ut-a-vezeteshez","status":"publish","type":"product","link":"https:\/\/segitunkhalehet.hu\/en\/termek\/tao-ut-a-vezeteshez\/","title":{"rendered":"Tao, \u00fat a vezet\u00e9shez"},"content":{"rendered":"<p><span data-sheets-value=\"{&quot;1&quot;:2,&quot;2&quot;:&quot;Amikor a kisgyermek j\u00e1rni tanul, anyja id\u0151vel elereszti a kez\u00e9t, hisz a vil\u00e1got az apr\u00f3nak is egyed\u00fcl kell felfedeznie. Ha kez\u00e9t mindig fogj\u00e1k, a gyermek szabads\u00e1g\u00e1t f\u00e9ltve l\u00e1zad, vagy elcs\u00fcggedve, f\u00e9lelemben \u00e9l. A hangos vezet\u0151, ak\u00e1r a rossz anya: enged\u00e9lye n\u00e9lk\u00fcl mozdulni sem lehet, n\u00e9lk\u00fcle minden m\u0171k\u00f6d\u00e9s le\u00e1ll, s a k\u00f6z\u00f6ss\u00e9g er\u00f5t vesz\u00edtve sz\u00e9tesik. A b\u00f6lcs vezet\u0151 egyetlen szab\u00e1lya: \u00e9lj a teljess\u00e9g r\u00e9szek\u00e9nt. Hallgat\u00e1sa a figyelem aj\u00e1nd\u00e9ka. Nem siet \u00e9s nem siettet, \u00f6v\u00e9i a t\u00f6rv\u00e9nyt maguk ismerik fel. \u00c9nje el nem h\u00fazza, ez\u00e9rt t\u00e1rsai a maguk \u00fatj\u00e1n \u00e9rnek c\u00e9lba. John Heider t\u00f6bb mint h\u00e1rom \u00e9vtizede k\u00e9pezi humanisztikus csoportok vezet\u0151it Amerik\u00e1ban. Heider - figyelve arra is, hogy Lao-ce eredetileg az \u00f3kori K\u00edna b\u00f6lcs politikai vezet\u0151ihez int\u00e9zte szavait - \u00fajragondolta a Tao tan\u00edt\u00e1sait a mai vezet\u0151k sz\u00e1m\u00e1ra.&quot;}\" data-sheets-userformat=\"{&quot;2&quot;:7105,&quot;3&quot;:{&quot;1&quot;:0},&quot;9&quot;:1,&quot;10&quot;:1,&quot;11&quot;:0,&quot;12&quot;:0,&quot;14&quot;:{&quot;1&quot;:2,&quot;2&quot;:0},&quot;15&quot;:&quot;Titillium Web&quot;}\">Amikor a kisgyermek j\u00e1rni tanul, anyja id\u0151vel elereszti a kez\u00e9t, hisz a vil\u00e1got az apr\u00f3nak is egyed\u00fcl kell felfedeznie. Ha kez\u00e9t mindig fogj\u00e1k, a gyermek szabads\u00e1g\u00e1t f\u00e9ltve l\u00e1zad, vagy elcs\u00fcggedve, f\u00e9lelemben \u00e9l. A hangos vezet\u0151, ak\u00e1r a rossz anya: enged\u00e9lye n\u00e9lk\u00fcl mozdulni sem lehet, n\u00e9lk\u00fcle minden m\u0171k\u00f6d\u00e9s le\u00e1ll, s a k\u00f6z\u00f6ss\u00e9g er\u0151t vesz\u00edtve sz\u00e9tesik. A b\u00f6lcs vezet\u0151 egyetlen szab\u00e1lya: \u00e9lj a teljess\u00e9g r\u00e9szek\u00e9nt. Hallgat\u00e1sa a figyelem aj\u00e1nd\u00e9ka. Nem siet \u00e9s nem siettet, \u00f6v\u00e9i a t\u00f6rv\u00e9nyt maguk ismerik fel. \u00c9nje el nem h\u00fazza, ez\u00e9rt t\u00e1rsai a maguk \u00fatj\u00e1n \u00e9rnek c\u00e9lba. John Heider t\u00f6bb mint h\u00e1rom \u00e9vtizede k\u00e9pezi humanisztikus csoportok vezet\u0151it Amerik\u00e1ban. Heider &#8211; figyelve arra is, hogy Lao-ce eredetileg az \u00f3kori K\u00edna b\u00f6lcs politikai vezet\u0151ihez int\u00e9zte szavait &#8211; \u00fajragondolta a Tao tan\u00edt\u00e1sait a mai vezet\u0151k sz\u00e1m\u00e1ra. Err\u0151l olvashat Tao, \u00fat a vezet\u00e9shez c\u00edm\u0171 k\u00f6nyv\u00e9ben.<\/span><\/p>\n","protected":false},"excerpt":{"rendered":"<p><span data-sheets-value=\"{&quot;1&quot;:2,&quot;2&quot;:&quot;\\&quot;Amikor a kisgyermek j\u00e1rni tanul, anyja id\u0151vel elereszti a kez\u00e9t, hisz a vil\u00e1got az apr\u00f3nak is egyed\u00fcl kell felfedeznie.\\&quot;&quot;}\" data-sheets-userformat=\"{&quot;2&quot;:14977,&quot;3&quot;:{&quot;1&quot;:0},&quot;10&quot;:2,&quot;12&quot;:0,&quot;14&quot;:{&quot;1&quot;:2,&quot;2&quot;:0},&quot;15&quot;:&quot;Titillium Web&quot;,&quot;16&quot;:10}\">&#8220;Amikor a kisgyermek j\u00e1rni tanul, anyja id\u0151vel elereszti a kez\u00e9t, hisz a vil\u00e1got az apr\u00f3nak is egyed\u00fcl kell felfedeznie.&#8221;<\/span><\/p>\n","protected":false},"featured_media":1287,"template":"","meta":[],"product_brand":[],"product_cat":[22],"product_tag":[],"class_list":{"0":"post-838","1":"product","2":"type-product","3":"status-publish","4":"has-post-thumbnail","6":"product_cat-konyvek","8":"first","9":"instock","10":"taxable","11":"shipping-taxable","12":"purchasable","13":"product-type-simple"},"jetpack_sharing_enabled":true,"_links":{"self":[{"href":"https:\/\/segitunkhalehet.hu\/en\/wp-json\/wp\/v2\/product\/838","targetHints":{"allow":["GET"]}}],"collection":[{"href":"https:\/\/segitunkhalehet.hu\/en\/wp-json\/wp\/v2\/product"}],"about":[{"href":"https:\/\/segitunkhalehet.hu\/en\/wp-json\/wp\/v2\/types\/product"}],"wp:featuredmedia":[{"embeddable":true,"href":"https:\/\/segitunkhalehet.hu\/en\/wp-json\/wp\/v2\/media\/1287"}],"wp:attachment":[{"href":"https:\/\/segitunkhalehet.hu\/en\/wp-json\/wp\/v2\/media?parent=838"}],"wp:term":[{"taxonomy":"product_brand","embeddable":true,"href":"https:\/\/segitunkhalehet.hu\/en\/wp-json\/wp\/v2\/product_brand?post=838"},{"taxonomy":"product_cat","embeddable":true,"href":"https:\/\/segitunkhalehet.hu\/en\/wp-json\/wp\/v2\/product_cat?post=838"},{"taxonomy":"product_tag","embeddable":true,"href":"https:\/\/segitunkhalehet.hu\/en\/wp-json\/wp\/v2\/product_tag?post=838"}],"curies":[{"name":"wp","href":"https:\/\/api.w.org\/{rel}","templated":true}]}}

Tao, út a vezetéshez

<p><span data-sheets-value="{&quot;1&quot;:2,&quot;2&quot;:&quot;Amikor a kisgyermek járni tanul, anyja idővel elereszti a kezét, hisz a világot az aprónak is egyedül kell felfedeznie. Ha kezét mindig fogják, a gyermek szabadságát féltve lázad, vagy elcsüggedve, félelemben él. A hangos vezető, akár a rossz anya: engedélye nélkül mozdulni sem lehet, nélküle minden működés leáll, s a közösség erõt veszítve szétesik. A bölcs vezető egyetlen szabálya: élj a teljesség részeként. Hallgatása a figyelem ajándéka. Nem siet és nem siettet, övéi a törvényt maguk ismerik fel. Énje el nem húzza, ezért társai a maguk útján érnek célba. John Heider több mint három évtizede képezi humanisztikus csoportok vezetőit Amerikában. Heider - figyelve arra is, hogy Lao-ce eredetileg az ókori Kína bölcs politikai vezetőihez intézte szavait - újragondolta a Tao tanításait a mai vezetők számára.&quot;}" data-sheets-userformat="{&quot;2&quot;:7105,&quot;3&quot;:{&quot;1&quot;:0},&quot;9&quot;:1,&quot;10&quot;:1,&quot;11&quot;:0,&quot;12&quot;:0,&quot;14&quot;:{&quot;1&quot;:2,&quot;2&quot;:0},&quot;15&quot;:&quot;Titillium Web&quot;}">Amikor a kisgyermek járni tanul, anyja idővel elereszti a kezét, hisz a világot az aprónak is egyedül kell felfedeznie. Ha kezét mindig fogják, a gyermek szabadságát féltve lázad, vagy elcsüggedve, félelemben él. A hangos vezető, akár a rossz anya: engedélye nélkül mozdulni sem lehet, nélküle minden működés leáll, s a közösség erőt veszítve szétesik. A bölcs vezető egyetlen szabálya: élj a teljesség részeként. Hallgatása a figyelem ajándéka. Nem siet és nem siettet, övéi a törvényt maguk ismerik fel. Énje el nem húzza, ezért társai a maguk útján érnek célba. John Heider több mint három évtizede képezi humanisztikus csoportok vezetőit Amerikában. Heider &#8211; figyelve arra is, hogy Lao-ce eredetileg az ókori Kína bölcs politikai vezetőihez intézte szavait &#8211; újragondolta a Tao tanításait a mai vezetők számára. Erről olvashat Tao, út a vezetéshez című könyvében.</span></p>

<p><span data-sheets-value="{&quot;1&quot;:2,&quot;2&quot;:&quot;\&quot;Amikor a kisgyermek járni tanul, anyja idővel elereszti a kezét, hisz a világot az aprónak is egyedül kell felfedeznie.\&quot;&quot;}" data-sheets-userformat="{&quot;2&quot;:14977,&quot;3&quot;:{&quot;1&quot;:0},&quot;10&quot;:2,&quot;12&quot;:0,&quot;14&quot;:{&quot;1&quot;:2,&quot;2&quot;:0},&quot;15&quot;:&quot;Titillium Web&quot;,&quot;16&quot;:10}">&#8220;Amikor a kisgyermek járni tanul, anyja idővel elereszti a kezét, hisz a világot az aprónak is egyedül kell felfedeznie.&#8221;</span></p>
